{"id":3799,"date":"2025-10-07T10:56:01","date_gmt":"2025-10-07T10:56:01","guid":{"rendered":"https:\/\/vandervorst-art.com\/product\/non%20class\u00e9\/les-peintres-mes-amis\/"},"modified":"2025-10-14T15:57:35","modified_gmt":"2025-10-14T15:57:35","slug":"les-peintres-mes-amis","status":"publish","type":"product","link":"https:\/\/vandervorst-art.com\/fr\/product\/henri-matisse\/les-peintres-mes-amis\/","title":{"rendered":"Les Peintres mes Amis"},"content":{"rendered":"<p>Henri Matisse &#8211; Les Peintres mes Amis<br \/>\n Lithographie sur papier v\u00e9lin d&rsquo;Arches r\u00e9alis\u00e9e d&rsquo;apr\u00e8s un tableau de Matisse, provenant de l&rsquo;Album &lsquo;Les Peintre mes Amis&rsquo; d&rsquo;Andr\u00e9 Warnod.<br \/>\n Sign\u00e9 et dat\u00e9 dans la pierre lithographique. Tir\u00e9 de l&rsquo;album num\u00e9rot\u00e9 225 sur un tirage total de 250 exemplaires.<br \/>\n Imprim\u00e9 par Mourlot, Paris<br \/>\n Edit\u00e9 par Les Heures Claires Editeur, Paris<br \/>\n Format du papier : 38 x 27,5 cm<br \/>\n Taille du cadre : 65,0 x 55,5 cm<br \/>\n Encadr\u00e9 selon les normes des mus\u00e9es avec un verre de mus\u00e9e r\u00e9sistant aux UV \u00e0 99 %. <\/p>\n","protected":false},"excerpt":{"rendered":"<p>Henri Matisse &#8211; Les Peintres mes Amis Lithographie sur papier v\u00e9lin d&rsquo;Arches r\u00e9alis\u00e9e d&rsquo;apr\u00e8s un tableau de Matisse, provenant de l&rsquo;Album &lsquo;Les Peintre mes Amis&rsquo; d&rsquo;Andr\u00e9 Warnod. Sign\u00e9 et dat\u00e9&hellip;<\/p>\n","protected":false},"featured_media":3803,"template":"","meta":{"_acf_changed":false,"inline_featured_image":false},"product_brand":[],"product_cat":[133],"product_tag":[],"class_list":{"0":"post-3799","1":"product","2":"type-product","3":"status-publish","4":"has-post-thumbnail","6":"product_cat-henri-matisse","7":"product_shipping_class-encadre-moyen-mondial","9":"first","10":"instock","11":"sold-individually","12":"purchasable","13":"product-type-simple","14":"layout-style-2","15":"col-md-4 col-sm-4 col-xs-6","16":"col-lg-3","17":"product-style-addtocart"},"acf":[],"yoast_head":"<!-- This site is optimized with the Yoast SEO Premium plugin v27.4 (Yoast SEO v27.4) - https:\/\/yoast.com\/product\/yoast-seo-premium-wordpress\/ -->\n<title>Henri Matisse - Les Peintres mes Amis - Van der Vorst \u2013 Art<\/title>\n<meta name=\"robots\" content=\"index, follow, max-snippet:-1, max-image-preview:large, max-video-preview:-1\" \/>\n<link rel=\"canonical\" href=\"https:\/\/vandervorst-art.com\/fr\/product\/henri-matisse\/les-peintres-mes-amis\/\" \/>\n<meta property=\"og:locale\" content=\"fr_FR\" \/>\n<meta property=\"og:type\" content=\"article\" \/>\n<meta property=\"og:title\" content=\"Les Peintres mes Amis\" \/>\n<meta property=\"og:url\" content=\"https:\/\/vandervorst-art.com\/fr\/product\/henri-matisse\/les-peintres-mes-amis\/\" \/>\n<meta property=\"og:site_name\" content=\"Van der Vorst \u2013 Art\" \/>\n<meta property=\"article:modified_time\" content=\"2025-10-14T15:57:35+00:00\" \/>\n<meta property=\"og:image\" content=\"https:\/\/vandervorst-art.com\/wp-content\/uploads\/2025\/10\/IMG_08d90-scaled-1.jpg\" \/>\n\t<meta property=\"og:image:width\" content=\"2065\" \/>\n\t<meta property=\"og:image:height\" content=\"2560\" \/>\n\t<meta property=\"og:image:type\" content=\"image\/jpeg\" \/>\n<meta name=\"twitter:card\" content=\"summary_large_image\" \/>\n<meta name=\"twitter:label1\" content=\"Prix\" \/>\n\t<meta name=\"twitter:data1\" content=\"&euro;&nbsp;2.750\" \/>\n\t<meta name=\"twitter:label2\" content=\"Disponibilit\u00e9\" \/>\n\t<meta name=\"twitter:data2\" content=\"En stock\" \/>\n<script type=\"application\/ld+json\" class=\"yoast-schema-graph\">{\"@context\":\"https:\\\/\\\/schema.org\",\"@graph\":[{\"@type\":\"WebPage\",\"@id\":\"https:\\\/\\\/vandervorst-art.com\\\/fr\\\/product\\\/henri-matisse\\\/les-peintres-mes-amis\\\/\",\"url\":\"https:\\\/\\\/vandervorst-art.com\\\/fr\\\/product\\\/henri-matisse\\\/les-peintres-mes-amis\\\/\",\"name\":\"Henri Matisse - Les Peintres mes Amis - Van der Vorst \u2013 Art\",\"isPartOf\":{\"@id\":\"https:\\\/\\\/vandervorst-art.com\\\/fr\\\/#website\"},\"primaryImageOfPage\":{\"@id\":\"https:\\\/\\\/vandervorst-art.com\\\/fr\\\/product\\\/henri-matisse\\\/les-peintres-mes-amis\\\/#primaryimage\"},\"image\":{\"@id\":\"https:\\\/\\\/vandervorst-art.com\\\/fr\\\/product\\\/henri-matisse\\\/les-peintres-mes-amis\\\/#primaryimage\"},\"thumbnailUrl\":\"https:\\\/\\\/vandervorst-art.com\\\/wp-content\\\/uploads\\\/2025\\\/10\\\/IMG_08d90-scaled-1.jpg\",\"datePublished\":\"2025-10-07T10:56:01+00:00\",\"dateModified\":\"2025-10-14T15:57:35+00:00\",\"breadcrumb\":{\"@id\":\"https:\\\/\\\/vandervorst-art.com\\\/fr\\\/product\\\/henri-matisse\\\/les-peintres-mes-amis\\\/#breadcrumb\"},\"inLanguage\":\"fr-FR\",\"potentialAction\":[{\"@type\":\"ReadAction\",\"target\":[\"https:\\\/\\\/vandervorst-art.com\\\/fr\\\/product\\\/henri-matisse\\\/les-peintres-mes-amis\\\/\"]}]},{\"@type\":\"ImageObject\",\"inLanguage\":\"fr-FR\",\"@id\":\"https:\\\/\\\/vandervorst-art.com\\\/fr\\\/product\\\/henri-matisse\\\/les-peintres-mes-amis\\\/#primaryimage\",\"url\":\"https:\\\/\\\/vandervorst-art.com\\\/wp-content\\\/uploads\\\/2025\\\/10\\\/IMG_08d90-scaled-1.jpg\",\"contentUrl\":\"https:\\\/\\\/vandervorst-art.com\\\/wp-content\\\/uploads\\\/2025\\\/10\\\/IMG_08d90-scaled-1.jpg\",\"width\":2065,\"height\":2560},{\"@type\":\"BreadcrumbList\",\"@id\":\"https:\\\/\\\/vandervorst-art.com\\\/fr\\\/product\\\/henri-matisse\\\/les-peintres-mes-amis\\\/#breadcrumb\",\"itemListElement\":[{\"@type\":\"ListItem\",\"position\":1,\"name\":\"Maison\",\"item\":\"https:\\\/\\\/vandervorst-art.com\\\/fr\\\/artistes\\\/\"},{\"@type\":\"ListItem\",\"position\":2,\"name\":\"Boutique\",\"item\":\"https:\\\/\\\/vandervorst-art.com\\\/fr\\\/boutique\\\/\"},{\"@type\":\"ListItem\",\"position\":3,\"name\":\"Les Peintres mes Amis\"}]},{\"@type\":\"WebSite\",\"@id\":\"https:\\\/\\\/vandervorst-art.com\\\/fr\\\/#website\",\"url\":\"https:\\\/\\\/vandervorst-art.com\\\/fr\\\/\",\"name\":\"Van der Vorst \u2013 Art\",\"description\":\"\",\"publisher\":{\"@id\":\"https:\\\/\\\/vandervorst-art.com\\\/fr\\\/#organization\"},\"potentialAction\":[{\"@type\":\"SearchAction\",\"target\":{\"@type\":\"EntryPoint\",\"urlTemplate\":\"https:\\\/\\\/vandervorst-art.com\\\/fr\\\/?s={search_term_string}\"},\"query-input\":{\"@type\":\"PropertyValueSpecification\",\"valueRequired\":true,\"valueName\":\"search_term_string\"}}],\"inLanguage\":\"fr-FR\"},{\"@type\":\"Organization\",\"@id\":\"https:\\\/\\\/vandervorst-art.com\\\/fr\\\/#organization\",\"name\":\"Van der Vorst \u2013 Art\",\"url\":\"https:\\\/\\\/vandervorst-art.com\\\/fr\\\/\",\"logo\":{\"@type\":\"ImageObject\",\"inLanguage\":\"fr-FR\",\"@id\":\"https:\\\/\\\/vandervorst-art.com\\\/fr\\\/#\\\/schema\\\/logo\\\/image\\\/\",\"url\":\"https:\\\/\\\/vandervorst-art.com\\\/wp-content\\\/uploads\\\/2025\\\/10\\\/GuidoLogo_H2.svg\",\"contentUrl\":\"https:\\\/\\\/vandervorst-art.com\\\/wp-content\\\/uploads\\\/2025\\\/10\\\/GuidoLogo_H2.svg\",\"width\":3000,\"height\":786,\"caption\":\"Van der Vorst \u2013 Art\"},\"image\":{\"@id\":\"https:\\\/\\\/vandervorst-art.com\\\/fr\\\/#\\\/schema\\\/logo\\\/image\\\/\"},\"sameAs\":[\"https:\\\/\\\/www.instagram.com\\\/vandervorstart\\\/\",\"https:\\\/\\\/www.youtube.com\\\/@vandervorst-art3733\"]}]}<\/script>\n<meta property=\"product:price:amount\" content=\"2750\" \/>\n<meta property=\"product:price:currency\" content=\"EUR\" \/>\n<meta property=\"og:availability\" content=\"instock\" \/>\n<meta property=\"product:availability\" content=\"instock\" \/>\n<meta property=\"product:condition\" content=\"new\" \/>\n<!-- \/ Yoast SEO Premium plugin. -->","yoast_head_json":{"title":"Henri Matisse - Les Peintres mes Amis - Van der Vorst \u2013 Art","robots":{"index":"index","follow":"follow","max-snippet":"max-snippet:-1","max-image-preview":"max-image-preview:large","max-video-preview":"max-video-preview:-1"},"canonical":"https:\/\/vandervorst-art.com\/fr\/product\/henri-matisse\/les-peintres-mes-amis\/","og_locale":"fr_FR","og_type":"article","og_title":"Les Peintres mes Amis","og_url":"https:\/\/vandervorst-art.com\/fr\/product\/henri-matisse\/les-peintres-mes-amis\/","og_site_name":"Van der Vorst \u2013 Art","article_modified_time":"2025-10-14T15:57:35+00:00","og_image":[{"width":2065,"height":2560,"url":"https:\/\/vandervorst-art.com\/wp-content\/uploads\/2025\/10\/IMG_08d90-scaled-1.jpg","type":"image\/jpeg"}],"twitter_card":"summary_large_image","twitter_misc":{"Prix":"&euro;&nbsp;2.750","Disponibilit\u00e9":"En stock"},"schema":{"@context":"https:\/\/schema.org","@graph":[{"@type":"WebPage","@id":"https:\/\/vandervorst-art.com\/fr\/product\/henri-matisse\/les-peintres-mes-amis\/","url":"https:\/\/vandervorst-art.com\/fr\/product\/henri-matisse\/les-peintres-mes-amis\/","name":"Henri Matisse - Les Peintres mes Amis - Van der Vorst \u2013 Art","isPartOf":{"@id":"https:\/\/vandervorst-art.com\/fr\/#website"},"primaryImageOfPage":{"@id":"https:\/\/vandervorst-art.com\/fr\/product\/henri-matisse\/les-peintres-mes-amis\/#primaryimage"},"image":{"@id":"https:\/\/vandervorst-art.com\/fr\/product\/henri-matisse\/les-peintres-mes-amis\/#primaryimage"},"thumbnailUrl":"https:\/\/vandervorst-art.com\/wp-content\/uploads\/2025\/10\/IMG_08d90-scaled-1.jpg","datePublished":"2025-10-07T10:56:01+00:00","dateModified":"2025-10-14T15:57:35+00:00","breadcrumb":{"@id":"https:\/\/vandervorst-art.com\/fr\/product\/henri-matisse\/les-peintres-mes-amis\/#breadcrumb"},"inLanguage":"fr-FR","potentialAction":[{"@type":"ReadAction","target":["https:\/\/vandervorst-art.com\/fr\/product\/henri-matisse\/les-peintres-mes-amis\/"]}]},{"@type":"ImageObject","inLanguage":"fr-FR","@id":"https:\/\/vandervorst-art.com\/fr\/product\/henri-matisse\/les-peintres-mes-amis\/#primaryimage","url":"https:\/\/vandervorst-art.com\/wp-content\/uploads\/2025\/10\/IMG_08d90-scaled-1.jpg","contentUrl":"https:\/\/vandervorst-art.com\/wp-content\/uploads\/2025\/10\/IMG_08d90-scaled-1.jpg","width":2065,"height":2560},{"@type":"BreadcrumbList","@id":"https:\/\/vandervorst-art.com\/fr\/product\/henri-matisse\/les-peintres-mes-amis\/#breadcrumb","itemListElement":[{"@type":"ListItem","position":1,"name":"Maison","item":"https:\/\/vandervorst-art.com\/fr\/artistes\/"},{"@type":"ListItem","position":2,"name":"Boutique","item":"https:\/\/vandervorst-art.com\/fr\/boutique\/"},{"@type":"ListItem","position":3,"name":"Les Peintres mes Amis"}]},{"@type":"WebSite","@id":"https:\/\/vandervorst-art.com\/fr\/#website","url":"https:\/\/vandervorst-art.com\/fr\/","name":"Van der Vorst \u2013 Art","description":"","publisher":{"@id":"https:\/\/vandervorst-art.com\/fr\/#organization"},"potentialAction":[{"@type":"SearchAction","target":{"@type":"EntryPoint","urlTemplate":"https:\/\/vandervorst-art.com\/fr\/?s={search_term_string}"},"query-input":{"@type":"PropertyValueSpecification","valueRequired":true,"valueName":"search_term_string"}}],"inLanguage":"fr-FR"},{"@type":"Organization","@id":"https:\/\/vandervorst-art.com\/fr\/#organization","name":"Van der Vorst \u2013 Art","url":"https:\/\/vandervorst-art.com\/fr\/","logo":{"@type":"ImageObject","inLanguage":"fr-FR","@id":"https:\/\/vandervorst-art.com\/fr\/#\/schema\/logo\/image\/","url":"https:\/\/vandervorst-art.com\/wp-content\/uploads\/2025\/10\/GuidoLogo_H2.svg","contentUrl":"https:\/\/vandervorst-art.com\/wp-content\/uploads\/2025\/10\/GuidoLogo_H2.svg","width":3000,"height":786,"caption":"Van der Vorst \u2013 Art"},"image":{"@id":"https:\/\/vandervorst-art.com\/fr\/#\/schema\/logo\/image\/"},"sameAs":["https:\/\/www.instagram.com\/vandervorstart\/","https:\/\/www.youtube.com\/@vandervorst-art3733"]}]},"product_price_amount":"2750","product_price_currency":"EUR","og_availability":"instock","product_availability":"instock","product_condition":"new"},"_links":{"self":[{"href":"https:\/\/vandervorst-art.com\/fr\/wp-json\/wp\/v2\/product\/3799","targetHints":{"allow":["GET"]}}],"collection":[{"href":"https:\/\/vandervorst-art.com\/fr\/wp-json\/wp\/v2\/product"}],"about":[{"href":"https:\/\/vandervorst-art.com\/fr\/wp-json\/wp\/v2\/types\/product"}],"wp:featuredmedia":[{"embeddable":true,"href":"https:\/\/vandervorst-art.com\/fr\/wp-json\/wp\/v2\/media\/3803"}],"wp:attachment":[{"href":"https:\/\/vandervorst-art.com\/fr\/wp-json\/wp\/v2\/media?parent=3799"}],"wp:term":[{"taxonomy":"product_brand","embeddable":true,"href":"https:\/\/vandervorst-art.com\/fr\/wp-json\/wp\/v2\/product_brand?post=3799"},{"taxonomy":"product_cat","embeddable":true,"href":"https:\/\/vandervorst-art.com\/fr\/wp-json\/wp\/v2\/product_cat?post=3799"},{"taxonomy":"product_tag","embeddable":true,"href":"https:\/\/vandervorst-art.com\/fr\/wp-json\/wp\/v2\/product_tag?post=3799"}],"curies":[{"name":"wp","href":"https:\/\/api.w.org\/{rel}","templated":true}]}}

https://vandervorst-art.com/product/non%20classé/les-peintres-mes-amis/

<p>Henri Matisse &#8211; Les Peintres mes Amis<br />
 Lithographie sur papier vélin d&rsquo;Arches réalisée d&rsquo;après un tableau de Matisse, provenant de l&rsquo;Album &lsquo;Les Peintre mes Amis&rsquo; d&rsquo;André Warnod.<br />
 Signé et daté dans la pierre lithographique. Tiré de l&rsquo;album numéroté 225 sur un tirage total de 250 exemplaires.<br />
 Imprimé par Mourlot, Paris<br />
 Edité par Les Heures Claires Editeur, Paris<br />
 Format du papier : 38 x 27,5 cm<br />
 Taille du cadre : 65,0 x 55,5 cm<br />
 Encadré selon les normes des musées avec un verre de musée résistant aux UV à 99 %. </p>

<p>Henri Matisse &#8211; Les Peintres mes Amis Lithographie sur papier vélin d&rsquo;Arches réalisée d&rsquo;après un tableau de Matisse, provenant de l&rsquo;Album &lsquo;Les Peintre mes Amis&rsquo; d&rsquo;André Warnod. Signé et daté&hellip;</p>

<!-- This site is optimized with the Yoast SEO Premium plugin v27.4 (Yoast SEO v27.4) - https://yoast.com/product/yoast-seo-premium-wordpress/ -->
<title>Henri Matisse - Les Peintres mes Amis - Van der Vorst – Art</title>
<meta name="robots" content="index, follow, max-snippet:-1, max-image-preview:large, max-video-preview:-1" />
<link rel="canonical" href="https://vandervorst-art.com/fr/product/henri-matisse/les-peintres-mes-amis/" />
<meta property="og:locale" content="fr_FR" />
<meta property="og:type" content="article" />
<meta property="og:title" content="Les Peintres mes Amis" />
<meta property="og:url" content="https://vandervorst-art.com/fr/product/henri-matisse/les-peintres-mes-amis/" />
<meta property="og:site_name" content="Van der Vorst – Art" />
<meta property="article:modified_time" content="2025-10-14T15:57:35+00:00" />
<meta property="og:image" content="https://vandervorst-art.com/wp-content/uploads/2025/10/IMG_08d90-scaled-1.jpg" />
	<meta property="og:image:width" content="2065" />
	<meta property="og:image:height" content="2560" />
	<meta property="og:image:type" content="image/jpeg" />
<meta name="twitter:card" content="summary_large_image" />
<meta name="twitter:label1" content="Prix" />
	<meta name="twitter:data1" content="&euro;&nbsp;2.750" />
	<meta name="twitter:label2" content="Disponibilité" />
	<meta name="twitter:data2" content="En stock" />
<script type="application/ld+json" class="yoast-schema-graph">{"@context":"https:\/\/schema.org","@graph":[{"@type":"WebPage","@id":"https:\/\/vandervorst-art.com\/fr\/product\/henri-matisse\/les-peintres-mes-amis\/","url":"https:\/\/vandervorst-art.com\/fr\/product\/henri-matisse\/les-peintres-mes-amis\/","name":"Henri Matisse - Les Peintres mes Amis - Van der Vorst – Art","isPartOf":{"@id":"https:\/\/vandervorst-art.com\/fr\/#website"},"primaryImageOfPage":{"@id":"https:\/\/vandervorst-art.com\/fr\/product\/henri-matisse\/les-peintres-mes-amis\/#primaryimage"},"image":{"@id":"https:\/\/vandervorst-art.com\/fr\/product\/henri-matisse\/les-peintres-mes-amis\/#primaryimage"},"thumbnailUrl":"https:\/\/vandervorst-art.com\/wp-content\/uploads\/2025\/10\/IMG_08d90-scaled-1.jpg","datePublished":"2025-10-07T10:56:01+00:00","dateModified":"2025-10-14T15:57:35+00:00","breadcrumb":{"@id":"https:\/\/vandervorst-art.com\/fr\/product\/henri-matisse\/les-peintres-mes-amis\/#breadcrumb"},"inLanguage":"fr-FR","potentialAction":[{"@type":"ReadAction","target":["https:\/\/vandervorst-art.com\/fr\/product\/henri-matisse\/les-peintres-mes-amis\/"]}]},{"@type":"ImageObject","inLanguage":"fr-FR","@id":"https:\/\/vandervorst-art.com\/fr\/product\/henri-matisse\/les-peintres-mes-amis\/#primaryimage","url":"https:\/\/vandervorst-art.com\/wp-content\/uploads\/2025\/10\/IMG_08d90-scaled-1.jpg","contentUrl":"https:\/\/vandervorst-art.com\/wp-content\/uploads\/2025\/10\/IMG_08d90-scaled-1.jpg","width":2065,"height":2560},{"@type":"BreadcrumbList","@id":"https:\/\/vandervorst-art.com\/fr\/product\/henri-matisse\/les-peintres-mes-amis\/#breadcrumb","itemListElement":[{"@type":"ListItem","position":1,"name":"Maison","item":"https:\/\/vandervorst-art.com\/fr\/artistes\/"},{"@type":"ListItem","position":2,"name":"Boutique","item":"https:\/\/vandervorst-art.com\/fr\/boutique\/"},{"@type":"ListItem","position":3,"name":"Les Peintres mes Amis"}]},{"@type":"WebSite","@id":"https:\/\/vandervorst-art.com\/fr\/#website","url":"https:\/\/vandervorst-art.com\/fr\/","name":"Van der Vorst – Art","description":"","publisher":{"@id":"https:\/\/vandervorst-art.com\/fr\/#organization"},"potentialAction":[{"@type":"SearchAction","target":{"@type":"EntryPoint","urlTemplate":"https:\/\/vandervorst-art.com\/fr\/?s={search_term_string}"},"query-input":{"@type":"PropertyValueSpecification","valueRequired":true,"valueName":"search_term_string"}}],"inLanguage":"fr-FR"},{"@type":"Organization","@id":"https:\/\/vandervorst-art.com\/fr\/#organization","name":"Van der Vorst – Art","url":"https:\/\/vandervorst-art.com\/fr\/","logo":{"@type":"ImageObject","inLanguage":"fr-FR","@id":"https:\/\/vandervorst-art.com\/fr\/#\/schema\/logo\/image\/","url":"https:\/\/vandervorst-art.com\/wp-content\/uploads\/2025\/10\/GuidoLogo_H2.svg","contentUrl":"https:\/\/vandervorst-art.com\/wp-content\/uploads\/2025\/10\/GuidoLogo_H2.svg","width":3000,"height":786,"caption":"Van der Vorst – Art"},"image":{"@id":"https:\/\/vandervorst-art.com\/fr\/#\/schema\/logo\/image\/"},"sameAs":["https:\/\/www.instagram.com\/vandervorstart\/","https:\/\/www.youtube.com\/@vandervorst-art3733"]}]}</script>
<meta property="product:price:amount" content="2750" />
<meta property="product:price:currency" content="EUR" />
<meta property="og:availability" content="instock" />
<meta property="product:availability" content="instock" />
<meta property="product:condition" content="new" />
<!-- / Yoast SEO Premium plugin. -->
