{"id":2381,"date":"2025-10-07T10:43:16","date_gmt":"2025-10-07T10:43:16","guid":{"rendered":"https:\/\/vandervorst-art.com\/product\/non%20class\u00e9\/de-la-couleur-a-la-forme-vii\/"},"modified":"2025-10-14T09:00:00","modified_gmt":"2025-10-14T09:00:00","slug":"de-la-couleur-a-la-forme-vii","status":"publish","type":"product","link":"https:\/\/vandervorst-art.com\/fr\/product\/marino-marini\/de-la-couleur-a-la-forme-vii\/","title":{"rendered":"De la couleur \u00e0 la forme VII"},"content":{"rendered":"<p><strong>Marino Marini &#8211; De la couleur \u00e0 la forme VII<\/strong><br \/>\nLithographie en couleur sur papier Arches (avec filigrane), 1969.<br \/>\nImprim\u00e9e par Mourlot, Paris, publi\u00e9e par la Soci\u00e9t\u00e9 Internationale d\u2019Art XXe Si\u00e8cle, Paris, et L\u00e9on Amiel, New York 1969<br \/>\nSign\u00e9e au crayon. Num\u00e9rot\u00e9e H.C. XII\/XV (Hors Commerce)<br \/>\nDimensions du papier&nbsp;: 65,0 x 50,0&nbsp;cm<br \/>\nDimensions du cadre&nbsp;: 84,0 x 78,0&nbsp;cm<br \/>\nEn excellent \u00e9tat avec des couleurs vives et profondes.<br \/>\nEncadr\u00e9e dans un cadre dor\u00e9 fait main avec un verre de mus\u00e9e r\u00e9sistant aux UV \u00e0 99&nbsp;% <\/p>\n","protected":false},"excerpt":{"rendered":"<p>Marino Marini &#8211; De la couleur \u00e0 la forme VII Lithographie en couleur sur papier Arches (avec filigrane), 1969. Imprim\u00e9e par Mourlot, Paris, publi\u00e9e par la Soci\u00e9t\u00e9 Internationale d\u2019Art XXe&hellip;<\/p>\n","protected":false},"featured_media":2382,"template":"","meta":{"_acf_changed":false,"inline_featured_image":false},"product_brand":[],"product_cat":[83],"product_tag":[],"class_list":{"0":"post-2381","1":"product","2":"type-product","3":"status-publish","4":"has-post-thumbnail","6":"product_cat-marino-marini","7":"product_shipping_class-encadre-moyen-mondial","9":"first","10":"instock","11":"sold-individually","12":"purchasable","13":"product-type-simple","14":"layout-style-2","15":"col-md-4 col-sm-4 col-xs-6","16":"col-lg-3","17":"product-style-addtocart"},"acf":[],"yoast_head":"<!-- This site is optimized with the Yoast SEO Premium plugin v27.4 (Yoast SEO v27.4) - https:\/\/yoast.com\/product\/yoast-seo-premium-wordpress\/ -->\n<title>Marino Marini - De la couleur \u00e0 la forme VII - Van der Vorst \u2013 Art<\/title>\n<meta name=\"robots\" content=\"index, follow, max-snippet:-1, max-image-preview:large, max-video-preview:-1\" \/>\n<link rel=\"canonical\" href=\"https:\/\/vandervorst-art.com\/fr\/product\/marino-marini\/de-la-couleur-a-la-forme-vii\/\" \/>\n<meta property=\"og:locale\" content=\"fr_FR\" \/>\n<meta property=\"og:type\" content=\"article\" \/>\n<meta property=\"og:title\" content=\"De la couleur \u00e0 la forme VII\" \/>\n<meta property=\"og:url\" content=\"https:\/\/vandervorst-art.com\/fr\/product\/marino-marini\/de-la-couleur-a-la-forme-vii\/\" \/>\n<meta property=\"og:site_name\" content=\"Van der Vorst \u2013 Art\" \/>\n<meta property=\"article:modified_time\" content=\"2025-10-14T09:00:00+00:00\" \/>\n<meta property=\"og:image\" content=\"https:\/\/vandervorst-art.com\/wp-content\/uploads\/2025\/10\/Marino-Marini-Color-to-Form-VII-scaled-1.jpg\" \/>\n\t<meta property=\"og:image:width\" content=\"2560\" \/>\n\t<meta property=\"og:image:height\" content=\"1976\" \/>\n\t<meta property=\"og:image:type\" content=\"image\/jpeg\" \/>\n<meta name=\"twitter:card\" content=\"summary_large_image\" \/>\n<meta name=\"twitter:label1\" content=\"Prix\" \/>\n\t<meta name=\"twitter:data1\" content=\"&euro;&nbsp;4.250\" \/>\n\t<meta name=\"twitter:label2\" content=\"Disponibilit\u00e9\" \/>\n\t<meta name=\"twitter:data2\" content=\"En stock\" \/>\n<script type=\"application\/ld+json\" class=\"yoast-schema-graph\">{\"@context\":\"https:\\\/\\\/schema.org\",\"@graph\":[{\"@type\":\"WebPage\",\"@id\":\"https:\\\/\\\/vandervorst-art.com\\\/fr\\\/product\\\/marino-marini\\\/de-la-couleur-a-la-forme-vii\\\/\",\"url\":\"https:\\\/\\\/vandervorst-art.com\\\/fr\\\/product\\\/marino-marini\\\/de-la-couleur-a-la-forme-vii\\\/\",\"name\":\"Marino Marini - De la couleur \u00e0 la forme VII - Van der Vorst \u2013 Art\",\"isPartOf\":{\"@id\":\"https:\\\/\\\/vandervorst-art.com\\\/fr\\\/#website\"},\"primaryImageOfPage\":{\"@id\":\"https:\\\/\\\/vandervorst-art.com\\\/fr\\\/product\\\/marino-marini\\\/de-la-couleur-a-la-forme-vii\\\/#primaryimage\"},\"image\":{\"@id\":\"https:\\\/\\\/vandervorst-art.com\\\/fr\\\/product\\\/marino-marini\\\/de-la-couleur-a-la-forme-vii\\\/#primaryimage\"},\"thumbnailUrl\":\"https:\\\/\\\/vandervorst-art.com\\\/wp-content\\\/uploads\\\/2025\\\/10\\\/Marino-Marini-Color-to-Form-VII-scaled-1.jpg\",\"datePublished\":\"2025-10-07T10:43:16+00:00\",\"dateModified\":\"2025-10-14T09:00:00+00:00\",\"breadcrumb\":{\"@id\":\"https:\\\/\\\/vandervorst-art.com\\\/fr\\\/product\\\/marino-marini\\\/de-la-couleur-a-la-forme-vii\\\/#breadcrumb\"},\"inLanguage\":\"fr-FR\",\"potentialAction\":[{\"@type\":\"ReadAction\",\"target\":[\"https:\\\/\\\/vandervorst-art.com\\\/fr\\\/product\\\/marino-marini\\\/de-la-couleur-a-la-forme-vii\\\/\"]}]},{\"@type\":\"ImageObject\",\"inLanguage\":\"fr-FR\",\"@id\":\"https:\\\/\\\/vandervorst-art.com\\\/fr\\\/product\\\/marino-marini\\\/de-la-couleur-a-la-forme-vii\\\/#primaryimage\",\"url\":\"https:\\\/\\\/vandervorst-art.com\\\/wp-content\\\/uploads\\\/2025\\\/10\\\/Marino-Marini-Color-to-Form-VII-scaled-1.jpg\",\"contentUrl\":\"https:\\\/\\\/vandervorst-art.com\\\/wp-content\\\/uploads\\\/2025\\\/10\\\/Marino-Marini-Color-to-Form-VII-scaled-1.jpg\",\"width\":2560,\"height\":1976},{\"@type\":\"BreadcrumbList\",\"@id\":\"https:\\\/\\\/vandervorst-art.com\\\/fr\\\/product\\\/marino-marini\\\/de-la-couleur-a-la-forme-vii\\\/#breadcrumb\",\"itemListElement\":[{\"@type\":\"ListItem\",\"position\":1,\"name\":\"Maison\",\"item\":\"https:\\\/\\\/vandervorst-art.com\\\/fr\\\/artistes\\\/\"},{\"@type\":\"ListItem\",\"position\":2,\"name\":\"Boutique\",\"item\":\"https:\\\/\\\/vandervorst-art.com\\\/fr\\\/boutique\\\/\"},{\"@type\":\"ListItem\",\"position\":3,\"name\":\"De la couleur \u00e0 la forme VII\"}]},{\"@type\":\"WebSite\",\"@id\":\"https:\\\/\\\/vandervorst-art.com\\\/fr\\\/#website\",\"url\":\"https:\\\/\\\/vandervorst-art.com\\\/fr\\\/\",\"name\":\"Van der Vorst \u2013 Art\",\"description\":\"\",\"publisher\":{\"@id\":\"https:\\\/\\\/vandervorst-art.com\\\/fr\\\/#organization\"},\"potentialAction\":[{\"@type\":\"SearchAction\",\"target\":{\"@type\":\"EntryPoint\",\"urlTemplate\":\"https:\\\/\\\/vandervorst-art.com\\\/fr\\\/?s={search_term_string}\"},\"query-input\":{\"@type\":\"PropertyValueSpecification\",\"valueRequired\":true,\"valueName\":\"search_term_string\"}}],\"inLanguage\":\"fr-FR\"},{\"@type\":\"Organization\",\"@id\":\"https:\\\/\\\/vandervorst-art.com\\\/fr\\\/#organization\",\"name\":\"Van der Vorst \u2013 Art\",\"url\":\"https:\\\/\\\/vandervorst-art.com\\\/fr\\\/\",\"logo\":{\"@type\":\"ImageObject\",\"inLanguage\":\"fr-FR\",\"@id\":\"https:\\\/\\\/vandervorst-art.com\\\/fr\\\/#\\\/schema\\\/logo\\\/image\\\/\",\"url\":\"https:\\\/\\\/vandervorst-art.com\\\/wp-content\\\/uploads\\\/2025\\\/10\\\/GuidoLogo_H2.svg\",\"contentUrl\":\"https:\\\/\\\/vandervorst-art.com\\\/wp-content\\\/uploads\\\/2025\\\/10\\\/GuidoLogo_H2.svg\",\"width\":3000,\"height\":786,\"caption\":\"Van der Vorst \u2013 Art\"},\"image\":{\"@id\":\"https:\\\/\\\/vandervorst-art.com\\\/fr\\\/#\\\/schema\\\/logo\\\/image\\\/\"},\"sameAs\":[\"https:\\\/\\\/www.instagram.com\\\/vandervorstart\\\/\",\"https:\\\/\\\/www.youtube.com\\\/@vandervorst-art3733\"]}]}<\/script>\n<meta property=\"product:price:amount\" content=\"4250\" \/>\n<meta property=\"product:price:currency\" content=\"EUR\" \/>\n<meta property=\"og:availability\" content=\"instock\" \/>\n<meta property=\"product:availability\" content=\"instock\" \/>\n<meta property=\"product:condition\" content=\"new\" \/>\n<!-- \/ Yoast SEO Premium plugin. -->","yoast_head_json":{"title":"Marino Marini - De la couleur \u00e0 la forme VII - Van der Vorst \u2013 Art","robots":{"index":"index","follow":"follow","max-snippet":"max-snippet:-1","max-image-preview":"max-image-preview:large","max-video-preview":"max-video-preview:-1"},"canonical":"https:\/\/vandervorst-art.com\/fr\/product\/marino-marini\/de-la-couleur-a-la-forme-vii\/","og_locale":"fr_FR","og_type":"article","og_title":"De la couleur \u00e0 la forme VII","og_url":"https:\/\/vandervorst-art.com\/fr\/product\/marino-marini\/de-la-couleur-a-la-forme-vii\/","og_site_name":"Van der Vorst \u2013 Art","article_modified_time":"2025-10-14T09:00:00+00:00","og_image":[{"width":2560,"height":1976,"url":"https:\/\/vandervorst-art.com\/wp-content\/uploads\/2025\/10\/Marino-Marini-Color-to-Form-VII-scaled-1.jpg","type":"image\/jpeg"}],"twitter_card":"summary_large_image","twitter_misc":{"Prix":"&euro;&nbsp;4.250","Disponibilit\u00e9":"En stock"},"schema":{"@context":"https:\/\/schema.org","@graph":[{"@type":"WebPage","@id":"https:\/\/vandervorst-art.com\/fr\/product\/marino-marini\/de-la-couleur-a-la-forme-vii\/","url":"https:\/\/vandervorst-art.com\/fr\/product\/marino-marini\/de-la-couleur-a-la-forme-vii\/","name":"Marino Marini - De la couleur \u00e0 la forme VII - Van der Vorst \u2013 Art","isPartOf":{"@id":"https:\/\/vandervorst-art.com\/fr\/#website"},"primaryImageOfPage":{"@id":"https:\/\/vandervorst-art.com\/fr\/product\/marino-marini\/de-la-couleur-a-la-forme-vii\/#primaryimage"},"image":{"@id":"https:\/\/vandervorst-art.com\/fr\/product\/marino-marini\/de-la-couleur-a-la-forme-vii\/#primaryimage"},"thumbnailUrl":"https:\/\/vandervorst-art.com\/wp-content\/uploads\/2025\/10\/Marino-Marini-Color-to-Form-VII-scaled-1.jpg","datePublished":"2025-10-07T10:43:16+00:00","dateModified":"2025-10-14T09:00:00+00:00","breadcrumb":{"@id":"https:\/\/vandervorst-art.com\/fr\/product\/marino-marini\/de-la-couleur-a-la-forme-vii\/#breadcrumb"},"inLanguage":"fr-FR","potentialAction":[{"@type":"ReadAction","target":["https:\/\/vandervorst-art.com\/fr\/product\/marino-marini\/de-la-couleur-a-la-forme-vii\/"]}]},{"@type":"ImageObject","inLanguage":"fr-FR","@id":"https:\/\/vandervorst-art.com\/fr\/product\/marino-marini\/de-la-couleur-a-la-forme-vii\/#primaryimage","url":"https:\/\/vandervorst-art.com\/wp-content\/uploads\/2025\/10\/Marino-Marini-Color-to-Form-VII-scaled-1.jpg","contentUrl":"https:\/\/vandervorst-art.com\/wp-content\/uploads\/2025\/10\/Marino-Marini-Color-to-Form-VII-scaled-1.jpg","width":2560,"height":1976},{"@type":"BreadcrumbList","@id":"https:\/\/vandervorst-art.com\/fr\/product\/marino-marini\/de-la-couleur-a-la-forme-vii\/#breadcrumb","itemListElement":[{"@type":"ListItem","position":1,"name":"Maison","item":"https:\/\/vandervorst-art.com\/fr\/artistes\/"},{"@type":"ListItem","position":2,"name":"Boutique","item":"https:\/\/vandervorst-art.com\/fr\/boutique\/"},{"@type":"ListItem","position":3,"name":"De la couleur \u00e0 la forme VII"}]},{"@type":"WebSite","@id":"https:\/\/vandervorst-art.com\/fr\/#website","url":"https:\/\/vandervorst-art.com\/fr\/","name":"Van der Vorst \u2013 Art","description":"","publisher":{"@id":"https:\/\/vandervorst-art.com\/fr\/#organization"},"potentialAction":[{"@type":"SearchAction","target":{"@type":"EntryPoint","urlTemplate":"https:\/\/vandervorst-art.com\/fr\/?s={search_term_string}"},"query-input":{"@type":"PropertyValueSpecification","valueRequired":true,"valueName":"search_term_string"}}],"inLanguage":"fr-FR"},{"@type":"Organization","@id":"https:\/\/vandervorst-art.com\/fr\/#organization","name":"Van der Vorst \u2013 Art","url":"https:\/\/vandervorst-art.com\/fr\/","logo":{"@type":"ImageObject","inLanguage":"fr-FR","@id":"https:\/\/vandervorst-art.com\/fr\/#\/schema\/logo\/image\/","url":"https:\/\/vandervorst-art.com\/wp-content\/uploads\/2025\/10\/GuidoLogo_H2.svg","contentUrl":"https:\/\/vandervorst-art.com\/wp-content\/uploads\/2025\/10\/GuidoLogo_H2.svg","width":3000,"height":786,"caption":"Van der Vorst \u2013 Art"},"image":{"@id":"https:\/\/vandervorst-art.com\/fr\/#\/schema\/logo\/image\/"},"sameAs":["https:\/\/www.instagram.com\/vandervorstart\/","https:\/\/www.youtube.com\/@vandervorst-art3733"]}]},"product_price_amount":"4250","product_price_currency":"EUR","og_availability":"instock","product_availability":"instock","product_condition":"new"},"_links":{"self":[{"href":"https:\/\/vandervorst-art.com\/fr\/wp-json\/wp\/v2\/product\/2381","targetHints":{"allow":["GET"]}}],"collection":[{"href":"https:\/\/vandervorst-art.com\/fr\/wp-json\/wp\/v2\/product"}],"about":[{"href":"https:\/\/vandervorst-art.com\/fr\/wp-json\/wp\/v2\/types\/product"}],"wp:featuredmedia":[{"embeddable":true,"href":"https:\/\/vandervorst-art.com\/fr\/wp-json\/wp\/v2\/media\/2382"}],"wp:attachment":[{"href":"https:\/\/vandervorst-art.com\/fr\/wp-json\/wp\/v2\/media?parent=2381"}],"wp:term":[{"taxonomy":"product_brand","embeddable":true,"href":"https:\/\/vandervorst-art.com\/fr\/wp-json\/wp\/v2\/product_brand?post=2381"},{"taxonomy":"product_cat","embeddable":true,"href":"https:\/\/vandervorst-art.com\/fr\/wp-json\/wp\/v2\/product_cat?post=2381"},{"taxonomy":"product_tag","embeddable":true,"href":"https:\/\/vandervorst-art.com\/fr\/wp-json\/wp\/v2\/product_tag?post=2381"}],"curies":[{"name":"wp","href":"https:\/\/api.w.org\/{rel}","templated":true}]}}

https://vandervorst-art.com/product/non%20classé/de-la-couleur-a-la-forme-vii/

De la couleur à la forme VII

<p><strong>Marino Marini &#8211; De la couleur à la forme VII</strong><br />
Lithographie en couleur sur papier Arches (avec filigrane), 1969.<br />
Imprimée par Mourlot, Paris, publiée par la Société Internationale d’Art XXe Siècle, Paris, et Léon Amiel, New York 1969<br />
Signée au crayon. Numérotée H.C. XII/XV (Hors Commerce)<br />
Dimensions du papier&nbsp;: 65,0 x 50,0&nbsp;cm<br />
Dimensions du cadre&nbsp;: 84,0 x 78,0&nbsp;cm<br />
En excellent état avec des couleurs vives et profondes.<br />
Encadrée dans un cadre doré fait main avec un verre de musée résistant aux UV à 99&nbsp;% </p>

<p>Marino Marini &#8211; De la couleur à la forme VII Lithographie en couleur sur papier Arches (avec filigrane), 1969. Imprimée par Mourlot, Paris, publiée par la Société Internationale d’Art XXe&hellip;</p>

<!-- This site is optimized with the Yoast SEO Premium plugin v27.4 (Yoast SEO v27.4) - https://yoast.com/product/yoast-seo-premium-wordpress/ -->
<title>Marino Marini - De la couleur à la forme VII - Van der Vorst – Art</title>
<meta name="robots" content="index, follow, max-snippet:-1, max-image-preview:large, max-video-preview:-1" />
<link rel="canonical" href="https://vandervorst-art.com/fr/product/marino-marini/de-la-couleur-a-la-forme-vii/" />
<meta property="og:locale" content="fr_FR" />
<meta property="og:type" content="article" />
<meta property="og:title" content="De la couleur à la forme VII" />
<meta property="og:url" content="https://vandervorst-art.com/fr/product/marino-marini/de-la-couleur-a-la-forme-vii/" />
<meta property="og:site_name" content="Van der Vorst – Art" />
<meta property="article:modified_time" content="2025-10-14T09:00:00+00:00" />
<meta property="og:image" content="https://vandervorst-art.com/wp-content/uploads/2025/10/Marino-Marini-Color-to-Form-VII-scaled-1.jpg" />
	<meta property="og:image:width" content="2560" />
	<meta property="og:image:height" content="1976" />
	<meta property="og:image:type" content="image/jpeg" />
<meta name="twitter:card" content="summary_large_image" />
<meta name="twitter:label1" content="Prix" />
	<meta name="twitter:data1" content="&euro;&nbsp;4.250" />
	<meta name="twitter:label2" content="Disponibilité" />
	<meta name="twitter:data2" content="En stock" />
<script type="application/ld+json" class="yoast-schema-graph">{"@context":"https:\/\/schema.org","@graph":[{"@type":"WebPage","@id":"https:\/\/vandervorst-art.com\/fr\/product\/marino-marini\/de-la-couleur-a-la-forme-vii\/","url":"https:\/\/vandervorst-art.com\/fr\/product\/marino-marini\/de-la-couleur-a-la-forme-vii\/","name":"Marino Marini - De la couleur à la forme VII - Van der Vorst – Art","isPartOf":{"@id":"https:\/\/vandervorst-art.com\/fr\/#website"},"primaryImageOfPage":{"@id":"https:\/\/vandervorst-art.com\/fr\/product\/marino-marini\/de-la-couleur-a-la-forme-vii\/#primaryimage"},"image":{"@id":"https:\/\/vandervorst-art.com\/fr\/product\/marino-marini\/de-la-couleur-a-la-forme-vii\/#primaryimage"},"thumbnailUrl":"https:\/\/vandervorst-art.com\/wp-content\/uploads\/2025\/10\/Marino-Marini-Color-to-Form-VII-scaled-1.jpg","datePublished":"2025-10-07T10:43:16+00:00","dateModified":"2025-10-14T09:00:00+00:00","breadcrumb":{"@id":"https:\/\/vandervorst-art.com\/fr\/product\/marino-marini\/de-la-couleur-a-la-forme-vii\/#breadcrumb"},"inLanguage":"fr-FR","potentialAction":[{"@type":"ReadAction","target":["https:\/\/vandervorst-art.com\/fr\/product\/marino-marini\/de-la-couleur-a-la-forme-vii\/"]}]},{"@type":"ImageObject","inLanguage":"fr-FR","@id":"https:\/\/vandervorst-art.com\/fr\/product\/marino-marini\/de-la-couleur-a-la-forme-vii\/#primaryimage","url":"https:\/\/vandervorst-art.com\/wp-content\/uploads\/2025\/10\/Marino-Marini-Color-to-Form-VII-scaled-1.jpg","contentUrl":"https:\/\/vandervorst-art.com\/wp-content\/uploads\/2025\/10\/Marino-Marini-Color-to-Form-VII-scaled-1.jpg","width":2560,"height":1976},{"@type":"BreadcrumbList","@id":"https:\/\/vandervorst-art.com\/fr\/product\/marino-marini\/de-la-couleur-a-la-forme-vii\/#breadcrumb","itemListElement":[{"@type":"ListItem","position":1,"name":"Maison","item":"https:\/\/vandervorst-art.com\/fr\/artistes\/"},{"@type":"ListItem","position":2,"name":"Boutique","item":"https:\/\/vandervorst-art.com\/fr\/boutique\/"},{"@type":"ListItem","position":3,"name":"De la couleur à la forme VII"}]},{"@type":"WebSite","@id":"https:\/\/vandervorst-art.com\/fr\/#website","url":"https:\/\/vandervorst-art.com\/fr\/","name":"Van der Vorst – Art","description":"","publisher":{"@id":"https:\/\/vandervorst-art.com\/fr\/#organization"},"potentialAction":[{"@type":"SearchAction","target":{"@type":"EntryPoint","urlTemplate":"https:\/\/vandervorst-art.com\/fr\/?s={search_term_string}"},"query-input":{"@type":"PropertyValueSpecification","valueRequired":true,"valueName":"search_term_string"}}],"inLanguage":"fr-FR"},{"@type":"Organization","@id":"https:\/\/vandervorst-art.com\/fr\/#organization","name":"Van der Vorst – Art","url":"https:\/\/vandervorst-art.com\/fr\/","logo":{"@type":"ImageObject","inLanguage":"fr-FR","@id":"https:\/\/vandervorst-art.com\/fr\/#\/schema\/logo\/image\/","url":"https:\/\/vandervorst-art.com\/wp-content\/uploads\/2025\/10\/GuidoLogo_H2.svg","contentUrl":"https:\/\/vandervorst-art.com\/wp-content\/uploads\/2025\/10\/GuidoLogo_H2.svg","width":3000,"height":786,"caption":"Van der Vorst – Art"},"image":{"@id":"https:\/\/vandervorst-art.com\/fr\/#\/schema\/logo\/image\/"},"sameAs":["https:\/\/www.instagram.com\/vandervorstart\/","https:\/\/www.youtube.com\/@vandervorst-art3733"]}]}</script>
<meta property="product:price:amount" content="4250" />
<meta property="product:price:currency" content="EUR" />
<meta property="og:availability" content="instock" />
<meta property="product:availability" content="instock" />
<meta property="product:condition" content="new" />
<!-- / Yoast SEO Premium plugin. -->

Marino Marini - De la couleur à la forme VII - Van der Vorst – Art
