{"id":2228,"date":"2025-10-07T10:38:53","date_gmt":"2025-10-07T10:38:53","guid":{"rendered":"https:\/\/vandervorst-art.com\/product\/non class\u00e9\/francis-bacon-en-memoire-de-george-dyer-1971\/"},"modified":"2025-10-07T10:38:53","modified_gmt":"2025-10-07T10:38:53","slug":"francis-bacon-en-memoire-de-george-dyer-1971","status":"publish","type":"product","link":"https:\/\/vandervorst-art.com\/fr\/product\/francis-bacon\/francis-bacon-en-memoire-de-george-dyer-1971\/","title":{"rendered":"Francis Bacon &#8211; En m\u00e9moire de George Dyer, 1971"},"content":{"rendered":"<p><b>Francis Bacon &#8211; En m\u00e9moire de George Dyer, 1971<\/b><\/p>\n<p><b>M\u00e9dium<br \/>\n<\/b>Lithographie offset sur papier Fabriano cr\u00e8me p\u00e2le.<span class=\"Apple-converted-space\"> <\/span><\/p>\n<p><b>\u00c9diteur<br \/>\n<\/b>publi\u00e9 par Marlborough Graphics, Zurich, 1975<span class=\"Apple-converted-space\"> <\/span><\/p>\n<p><b>Dimensions<br \/>\n<\/b>Dimensions de la feuille&nbsp;: 85,5 x 61,0&nbsp;cm<br \/>\nDimensions du cadre&nbsp;: 106,0 x 83,0&nbsp;cm<\/p>\n<p><b>Signature et \u00e9dition<br \/>\n<\/b>Sign\u00e9 \u00e0 la main au feutre (l\u00e9g\u00e8rement estomp\u00e9)<br \/>\nNum\u00e9rot\u00e9 77\/200 au crayon<span class=\"Apple-converted-space\"> <\/span><\/p>\n<p><b>Catalogue raisonn\u00e9<\/b><span class=\"Apple-converted-space\"><br \/>\n<\/span>&#8211; Sabatier n\u00b0&nbsp;32<br \/>\n&#8211; Tacou n\u00b0&nbsp;5<span class=\"Apple-converted-space\"> <\/span><\/p>\n<p><b>\u00c9tat<br \/>\n<\/b>En tr\u00e8s bon \u00e9tat avec des couleurs profondes et vives.<span class=\"Apple-converted-space\"> <\/span><\/p>\n<p><b>Provenance<br \/>\n<\/b>Issue d\u2019une collection priv\u00e9e am\u00e9ricaine.<span class=\"Apple-converted-space\"> <\/span><\/p>\n<p><b>Cadre<br \/>\n<\/b>Encadr\u00e9 avec un verre de mus\u00e9e r\u00e9sistant aux UV \u00e0 99&nbsp;%<\/p>\n","protected":false},"excerpt":{"rendered":"<p>Francis Bacon &#8211; En m\u00e9moire de George Dyer, 1971 M\u00e9dium Lithographie offset sur papier Fabriano cr\u00e8me p\u00e2le. \u00c9diteur publi\u00e9 par Marlborough Graphics, Zurich, 1975 Dimensions Dimensions de la feuille&nbsp;: 85,5&hellip;<\/p>\n","protected":false},"featured_media":0,"template":"","meta":{"_acf_changed":false,"inline_featured_image":false},"product_brand":[],"product_cat":[78],"product_tag":[],"class_list":{"0":"post-2228","1":"product","2":"type-product","3":"status-publish","5":"product_cat-francis-bacon","7":"first","8":"outofstock","9":"shipping-taxable","10":"product-type-simple","11":"layout-style-2","12":"col-md-4 col-sm-4 col-xs-6","13":"col-lg-3","14":"product-style-addtocart"},"acf":[],"yoast_head":"<!-- This site is optimized with the Yoast SEO Premium plugin v27.4 (Yoast SEO v27.4) - https:\/\/yoast.com\/product\/yoast-seo-premium-wordpress\/ -->\n<title>Francis Bacon - Francis Bacon - En m\u00e9moire de George Dyer, 1971 - Van der Vorst \u2013 Art<\/title>\n<meta name=\"robots\" content=\"index, follow, max-snippet:-1, max-image-preview:large, max-video-preview:-1\" \/>\n<link rel=\"canonical\" href=\"https:\/\/vandervorst-art.com\/fr\/product\/francis-bacon\/francis-bacon-en-memoire-de-george-dyer-1971\/\" \/>\n<meta property=\"og:locale\" content=\"fr_FR\" \/>\n<meta property=\"og:type\" content=\"article\" \/>\n<meta property=\"og:title\" content=\"Francis Bacon - En m\u00e9moire de George Dyer, 1971\" \/>\n<meta property=\"og:url\" content=\"https:\/\/vandervorst-art.com\/fr\/product\/francis-bacon\/francis-bacon-en-memoire-de-george-dyer-1971\/\" \/>\n<meta property=\"og:site_name\" content=\"Van der Vorst \u2013 Art\" \/>\n<meta property=\"og:image\" content=\"https:\/\/vandervorst-art.com\/wp-content\/uploads\/2025\/10\/Image-1-scaled-1.jpg\" \/>\n\t<meta property=\"og:image:width\" content=\"1836\" \/>\n\t<meta property=\"og:image:height\" content=\"2560\" \/>\n\t<meta property=\"og:image:type\" content=\"image\/jpeg\" \/>\n<meta name=\"twitter:card\" content=\"summary_large_image\" \/>\n<meta name=\"twitter:label1\" content=\"Prix\" \/>\n\t<meta name=\"twitter:data1\" content=\"\" \/>\n\t<meta name=\"twitter:label2\" content=\"Disponibilit\u00e9\" \/>\n\t<meta name=\"twitter:data2\" content=\"Rupture de stock\" \/>\n<script type=\"application\/ld+json\" class=\"yoast-schema-graph\">{\"@context\":\"https:\\\/\\\/schema.org\",\"@graph\":[{\"@type\":\"WebPage\",\"@id\":\"https:\\\/\\\/vandervorst-art.com\\\/fr\\\/product\\\/francis-bacon\\\/francis-bacon-en-memoire-de-george-dyer-1971\\\/\",\"url\":\"https:\\\/\\\/vandervorst-art.com\\\/fr\\\/product\\\/francis-bacon\\\/francis-bacon-en-memoire-de-george-dyer-1971\\\/\",\"name\":\"Francis Bacon - Francis Bacon - En m\u00e9moire de George Dyer, 1971 - Van der Vorst \u2013 Art\",\"isPartOf\":{\"@id\":\"https:\\\/\\\/vandervorst-art.com\\\/fr\\\/#website\"},\"datePublished\":\"2025-10-07T10:38:53+00:00\",\"breadcrumb\":{\"@id\":\"https:\\\/\\\/vandervorst-art.com\\\/fr\\\/product\\\/francis-bacon\\\/francis-bacon-en-memoire-de-george-dyer-1971\\\/#breadcrumb\"},\"inLanguage\":\"fr-FR\",\"potentialAction\":[{\"@type\":\"ReadAction\",\"target\":[\"https:\\\/\\\/vandervorst-art.com\\\/fr\\\/product\\\/francis-bacon\\\/francis-bacon-en-memoire-de-george-dyer-1971\\\/\"]}]},{\"@type\":\"BreadcrumbList\",\"@id\":\"https:\\\/\\\/vandervorst-art.com\\\/fr\\\/product\\\/francis-bacon\\\/francis-bacon-en-memoire-de-george-dyer-1971\\\/#breadcrumb\",\"itemListElement\":[{\"@type\":\"ListItem\",\"position\":1,\"name\":\"Maison\",\"item\":\"https:\\\/\\\/vandervorst-art.com\\\/fr\\\/artistes\\\/\"},{\"@type\":\"ListItem\",\"position\":2,\"name\":\"Boutique\",\"item\":\"https:\\\/\\\/vandervorst-art.com\\\/fr\\\/boutique\\\/\"},{\"@type\":\"ListItem\",\"position\":3,\"name\":\"Francis Bacon &#8211; En m\u00e9moire de George Dyer, 1971\"}]},{\"@type\":\"WebSite\",\"@id\":\"https:\\\/\\\/vandervorst-art.com\\\/fr\\\/#website\",\"url\":\"https:\\\/\\\/vandervorst-art.com\\\/fr\\\/\",\"name\":\"Van der Vorst \u2013 Art\",\"description\":\"\",\"publisher\":{\"@id\":\"https:\\\/\\\/vandervorst-art.com\\\/fr\\\/#organization\"},\"potentialAction\":[{\"@type\":\"SearchAction\",\"target\":{\"@type\":\"EntryPoint\",\"urlTemplate\":\"https:\\\/\\\/vandervorst-art.com\\\/fr\\\/?s={search_term_string}\"},\"query-input\":{\"@type\":\"PropertyValueSpecification\",\"valueRequired\":true,\"valueName\":\"search_term_string\"}}],\"inLanguage\":\"fr-FR\"},{\"@type\":\"Organization\",\"@id\":\"https:\\\/\\\/vandervorst-art.com\\\/fr\\\/#organization\",\"name\":\"Van der Vorst \u2013 Art\",\"url\":\"https:\\\/\\\/vandervorst-art.com\\\/fr\\\/\",\"logo\":{\"@type\":\"ImageObject\",\"inLanguage\":\"fr-FR\",\"@id\":\"https:\\\/\\\/vandervorst-art.com\\\/fr\\\/#\\\/schema\\\/logo\\\/image\\\/\",\"url\":\"https:\\\/\\\/vandervorst-art.com\\\/wp-content\\\/uploads\\\/2025\\\/10\\\/GuidoLogo_H2.svg\",\"contentUrl\":\"https:\\\/\\\/vandervorst-art.com\\\/wp-content\\\/uploads\\\/2025\\\/10\\\/GuidoLogo_H2.svg\",\"width\":3000,\"height\":786,\"caption\":\"Van der Vorst \u2013 Art\"},\"image\":{\"@id\":\"https:\\\/\\\/vandervorst-art.com\\\/fr\\\/#\\\/schema\\\/logo\\\/image\\\/\"},\"sameAs\":[\"https:\\\/\\\/www.instagram.com\\\/vandervorstart\\\/\",\"https:\\\/\\\/www.youtube.com\\\/@vandervorst-art3733\"]}]}<\/script>\n<meta property=\"product:price:currency\" content=\"EUR\" \/>\n<meta property=\"og:availability\" content=\"out of stock\" \/>\n<meta property=\"product:availability\" content=\"out of stock\" \/>\n<meta property=\"product:condition\" content=\"new\" \/>\n<!-- \/ Yoast SEO Premium plugin. -->","yoast_head_json":{"title":"Francis Bacon - Francis Bacon - En m\u00e9moire de George Dyer, 1971 - Van der Vorst \u2013 Art","robots":{"index":"index","follow":"follow","max-snippet":"max-snippet:-1","max-image-preview":"max-image-preview:large","max-video-preview":"max-video-preview:-1"},"canonical":"https:\/\/vandervorst-art.com\/fr\/product\/francis-bacon\/francis-bacon-en-memoire-de-george-dyer-1971\/","og_locale":"fr_FR","og_type":"article","og_title":"Francis Bacon - En m\u00e9moire de George Dyer, 1971","og_url":"https:\/\/vandervorst-art.com\/fr\/product\/francis-bacon\/francis-bacon-en-memoire-de-george-dyer-1971\/","og_site_name":"Van der Vorst \u2013 Art","og_image":[{"width":1836,"height":2560,"url":"https:\/\/vandervorst-art.com\/wp-content\/uploads\/2025\/10\/Image-1-scaled-1.jpg","type":"image\/jpeg"}],"twitter_card":"summary_large_image","twitter_misc":{"Prix":"","Disponibilit\u00e9":"Rupture de stock"},"schema":{"@context":"https:\/\/schema.org","@graph":[{"@type":"WebPage","@id":"https:\/\/vandervorst-art.com\/fr\/product\/francis-bacon\/francis-bacon-en-memoire-de-george-dyer-1971\/","url":"https:\/\/vandervorst-art.com\/fr\/product\/francis-bacon\/francis-bacon-en-memoire-de-george-dyer-1971\/","name":"Francis Bacon - Francis Bacon - En m\u00e9moire de George Dyer, 1971 - Van der Vorst \u2013 Art","isPartOf":{"@id":"https:\/\/vandervorst-art.com\/fr\/#website"},"datePublished":"2025-10-07T10:38:53+00:00","breadcrumb":{"@id":"https:\/\/vandervorst-art.com\/fr\/product\/francis-bacon\/francis-bacon-en-memoire-de-george-dyer-1971\/#breadcrumb"},"inLanguage":"fr-FR","potentialAction":[{"@type":"ReadAction","target":["https:\/\/vandervorst-art.com\/fr\/product\/francis-bacon\/francis-bacon-en-memoire-de-george-dyer-1971\/"]}]},{"@type":"BreadcrumbList","@id":"https:\/\/vandervorst-art.com\/fr\/product\/francis-bacon\/francis-bacon-en-memoire-de-george-dyer-1971\/#breadcrumb","itemListElement":[{"@type":"ListItem","position":1,"name":"Maison","item":"https:\/\/vandervorst-art.com\/fr\/artistes\/"},{"@type":"ListItem","position":2,"name":"Boutique","item":"https:\/\/vandervorst-art.com\/fr\/boutique\/"},{"@type":"ListItem","position":3,"name":"Francis Bacon &#8211; En m\u00e9moire de George Dyer, 1971"}]},{"@type":"WebSite","@id":"https:\/\/vandervorst-art.com\/fr\/#website","url":"https:\/\/vandervorst-art.com\/fr\/","name":"Van der Vorst \u2013 Art","description":"","publisher":{"@id":"https:\/\/vandervorst-art.com\/fr\/#organization"},"potentialAction":[{"@type":"SearchAction","target":{"@type":"EntryPoint","urlTemplate":"https:\/\/vandervorst-art.com\/fr\/?s={search_term_string}"},"query-input":{"@type":"PropertyValueSpecification","valueRequired":true,"valueName":"search_term_string"}}],"inLanguage":"fr-FR"},{"@type":"Organization","@id":"https:\/\/vandervorst-art.com\/fr\/#organization","name":"Van der Vorst \u2013 Art","url":"https:\/\/vandervorst-art.com\/fr\/","logo":{"@type":"ImageObject","inLanguage":"fr-FR","@id":"https:\/\/vandervorst-art.com\/fr\/#\/schema\/logo\/image\/","url":"https:\/\/vandervorst-art.com\/wp-content\/uploads\/2025\/10\/GuidoLogo_H2.svg","contentUrl":"https:\/\/vandervorst-art.com\/wp-content\/uploads\/2025\/10\/GuidoLogo_H2.svg","width":3000,"height":786,"caption":"Van der Vorst \u2013 Art"},"image":{"@id":"https:\/\/vandervorst-art.com\/fr\/#\/schema\/logo\/image\/"},"sameAs":["https:\/\/www.instagram.com\/vandervorstart\/","https:\/\/www.youtube.com\/@vandervorst-art3733"]}]},"product_price_currency":"EUR","og_availability":"out of stock","product_availability":"out of stock","product_condition":"new"},"_links":{"self":[{"href":"https:\/\/vandervorst-art.com\/fr\/wp-json\/wp\/v2\/product\/2228","targetHints":{"allow":["GET"]}}],"collection":[{"href":"https:\/\/vandervorst-art.com\/fr\/wp-json\/wp\/v2\/product"}],"about":[{"href":"https:\/\/vandervorst-art.com\/fr\/wp-json\/wp\/v2\/types\/product"}],"wp:attachment":[{"href":"https:\/\/vandervorst-art.com\/fr\/wp-json\/wp\/v2\/media?parent=2228"}],"wp:term":[{"taxonomy":"product_brand","embeddable":true,"href":"https:\/\/vandervorst-art.com\/fr\/wp-json\/wp\/v2\/product_brand?post=2228"},{"taxonomy":"product_cat","embeddable":true,"href":"https:\/\/vandervorst-art.com\/fr\/wp-json\/wp\/v2\/product_cat?post=2228"},{"taxonomy":"product_tag","embeddable":true,"href":"https:\/\/vandervorst-art.com\/fr\/wp-json\/wp\/v2\/product_tag?post=2228"}],"curies":[{"name":"wp","href":"https:\/\/api.w.org\/{rel}","templated":true}]}}

https://vandervorst-art.com/product/non classé/francis-bacon-en-memoire-de-george-dyer-1971/

Francis Bacon &#8211; En mémoire de George Dyer, 1971

<p><b>Francis Bacon &#8211; En mémoire de George Dyer, 1971</b></p>
<p><b>Médium<br />
</b>Lithographie offset sur papier Fabriano crème pâle.<span class="Apple-converted-space"> </span></p>
<p><b>Éditeur<br />
</b>publié par Marlborough Graphics, Zurich, 1975<span class="Apple-converted-space"> </span></p>
<p><b>Dimensions<br />
</b>Dimensions de la feuille&nbsp;: 85,5 x 61,0&nbsp;cm<br />
Dimensions du cadre&nbsp;: 106,0 x 83,0&nbsp;cm</p>
<p><b>Signature et édition<br />
</b>Signé à la main au feutre (légèrement estompé)<br />
Numéroté 77/200 au crayon<span class="Apple-converted-space"> </span></p>
<p><b>Catalogue raisonné</b><span class="Apple-converted-space"><br />
</span>&#8211; Sabatier n°&nbsp;32<br />
&#8211; Tacou n°&nbsp;5<span class="Apple-converted-space"> </span></p>
<p><b>État<br />
</b>En très bon état avec des couleurs profondes et vives.<span class="Apple-converted-space"> </span></p>
<p><b>Provenance<br />
</b>Issue d’une collection privée américaine.<span class="Apple-converted-space"> </span></p>
<p><b>Cadre<br />
</b>Encadré avec un verre de musée résistant aux UV à 99&nbsp;%</p>

<p>Francis Bacon &#8211; En mémoire de George Dyer, 1971 Médium Lithographie offset sur papier Fabriano crème pâle. Éditeur publié par Marlborough Graphics, Zurich, 1975 Dimensions Dimensions de la feuille&nbsp;: 85,5&hellip;</p>

<!-- This site is optimized with the Yoast SEO Premium plugin v27.4 (Yoast SEO v27.4) - https://yoast.com/product/yoast-seo-premium-wordpress/ -->
<title>Francis Bacon - Francis Bacon - En mémoire de George Dyer, 1971 - Van der Vorst – Art</title>
<meta name="robots" content="index, follow, max-snippet:-1, max-image-preview:large, max-video-preview:-1" />
<link rel="canonical" href="https://vandervorst-art.com/fr/product/francis-bacon/francis-bacon-en-memoire-de-george-dyer-1971/" />
<meta property="og:locale" content="fr_FR" />
<meta property="og:type" content="article" />
<meta property="og:title" content="Francis Bacon - En mémoire de George Dyer, 1971" />
<meta property="og:url" content="https://vandervorst-art.com/fr/product/francis-bacon/francis-bacon-en-memoire-de-george-dyer-1971/" />
<meta property="og:site_name" content="Van der Vorst – Art" />
<meta property="og:image" content="https://vandervorst-art.com/wp-content/uploads/2025/10/Image-1-scaled-1.jpg" />
	<meta property="og:image:width" content="1836" />
	<meta property="og:image:height" content="2560" />
	<meta property="og:image:type" content="image/jpeg" />
<meta name="twitter:card" content="summary_large_image" />
<meta name="twitter:label1" content="Prix" />
	<meta name="twitter:data1" content="" />
	<meta name="twitter:label2" content="Disponibilité" />
	<meta name="twitter:data2" content="Rupture de stock" />
<script type="application/ld+json" class="yoast-schema-graph">{"@context":"https:\/\/schema.org","@graph":[{"@type":"WebPage","@id":"https:\/\/vandervorst-art.com\/fr\/product\/francis-bacon\/francis-bacon-en-memoire-de-george-dyer-1971\/","url":"https:\/\/vandervorst-art.com\/fr\/product\/francis-bacon\/francis-bacon-en-memoire-de-george-dyer-1971\/","name":"Francis Bacon - Francis Bacon - En mémoire de George Dyer, 1971 - Van der Vorst – Art","isPartOf":{"@id":"https:\/\/vandervorst-art.com\/fr\/#website"},"datePublished":"2025-10-07T10:38:53+00:00","breadcrumb":{"@id":"https:\/\/vandervorst-art.com\/fr\/product\/francis-bacon\/francis-bacon-en-memoire-de-george-dyer-1971\/#breadcrumb"},"inLanguage":"fr-FR","potentialAction":[{"@type":"ReadAction","target":["https:\/\/vandervorst-art.com\/fr\/product\/francis-bacon\/francis-bacon-en-memoire-de-george-dyer-1971\/"]}]},{"@type":"BreadcrumbList","@id":"https:\/\/vandervorst-art.com\/fr\/product\/francis-bacon\/francis-bacon-en-memoire-de-george-dyer-1971\/#breadcrumb","itemListElement":[{"@type":"ListItem","position":1,"name":"Maison","item":"https:\/\/vandervorst-art.com\/fr\/artistes\/"},{"@type":"ListItem","position":2,"name":"Boutique","item":"https:\/\/vandervorst-art.com\/fr\/boutique\/"},{"@type":"ListItem","position":3,"name":"Francis Bacon &#8211; En mémoire de George Dyer, 1971"}]},{"@type":"WebSite","@id":"https:\/\/vandervorst-art.com\/fr\/#website","url":"https:\/\/vandervorst-art.com\/fr\/","name":"Van der Vorst – Art","description":"","publisher":{"@id":"https:\/\/vandervorst-art.com\/fr\/#organization"},"potentialAction":[{"@type":"SearchAction","target":{"@type":"EntryPoint","urlTemplate":"https:\/\/vandervorst-art.com\/fr\/?s={search_term_string}"},"query-input":{"@type":"PropertyValueSpecification","valueRequired":true,"valueName":"search_term_string"}}],"inLanguage":"fr-FR"},{"@type":"Organization","@id":"https:\/\/vandervorst-art.com\/fr\/#organization","name":"Van der Vorst – Art","url":"https:\/\/vandervorst-art.com\/fr\/","logo":{"@type":"ImageObject","inLanguage":"fr-FR","@id":"https:\/\/vandervorst-art.com\/fr\/#\/schema\/logo\/image\/","url":"https:\/\/vandervorst-art.com\/wp-content\/uploads\/2025\/10\/GuidoLogo_H2.svg","contentUrl":"https:\/\/vandervorst-art.com\/wp-content\/uploads\/2025\/10\/GuidoLogo_H2.svg","width":3000,"height":786,"caption":"Van der Vorst – Art"},"image":{"@id":"https:\/\/vandervorst-art.com\/fr\/#\/schema\/logo\/image\/"},"sameAs":["https:\/\/www.instagram.com\/vandervorstart\/","https:\/\/www.youtube.com\/@vandervorst-art3733"]}]}</script>
<meta property="product:price:currency" content="EUR" />
<meta property="og:availability" content="out of stock" />
<meta property="product:availability" content="out of stock" />
<meta property="product:condition" content="new" />
<!-- / Yoast SEO Premium plugin. -->

Francis Bacon - Francis Bacon - En mémoire de George Dyer, 1971 - Van der Vorst – Art

Francis Bacon - En mémoire de George Dyer, 1971
